{"id":1453,"date":"2022-02-25T09:26:28","date_gmt":"2022-02-25T08:26:28","guid":{"rendered":"https:\/\/deltaformationprevention.com\/?page_id=1453"},"modified":"2024-05-06T18:31:49","modified_gmt":"2024-05-06T16:31:49","slug":"elementor-1453","status":"publish","type":"page","link":"https:\/\/deltaformationprevention.com\/index.php\/elementor-1453\/","title":{"rendered":"Site map"},"content":{"rendered":"\t\t<div data-elementor-type=\"wp-page\" data-elementor-id=\"1453\" class=\"elementor elementor-1453\" data-elementor-post-type=\"page\">\n\t\t\t\t\t\t<section data-particle_enable=\"false\" data-particle-mobile-disabled=\"false\" class=\"elementor-section elementor-top-section elementor-element elementor-element-d4a9c03 elementor-section-boxed elementor-section-height-default elementor-section-height-default\" data-id=\"d4a9c03\" data-element_type=\"section\" data-e-type=\"section\">\n\t\t\t\t\t\t<div class=\"elementor-container elementor-column-gap-default\">\n\t\t\t\t\t<div class=\"elementor-column elementor-col-100 elementor-top-column elementor-element elementor-element-d84a7a3\" data-id=\"d84a7a3\" data-element_type=\"column\" data-e-type=\"column\">\n\t\t\t<div class=\"elementor-widget-wrap elementor-element-populated\">\n\t\t\t\t\t\t<div class=\"elementor-element elementor-element-537caf2 elementor-widget elementor-widget-sitemap\" data-id=\"537caf2\" data-element_type=\"widget\" data-e-type=\"widget\" data-widget_type=\"sitemap.default\">\n\t\t\t\t<div class=\"elementor-widget-container\">\n\t\t\t\t\t<div class=\"elementor-sitemap-wrap\"><div class=\"elementor-sitemap-section\"><h2 class=\"elementor-sitemap-title elementor-sitemap-page-title\">Pages<\/h2><ul class=\"elementor-sitemap-list elementor-sitemap-page-list\"><li class=\"elementor-sitemap-item elementor-sitemap-item-page page_item page-item-49\"><a href=\"https:\/\/deltaformationprevention.com\/index.php\/elementor-49\/\">Page acceuil<\/a><\/li><li class=\"elementor-sitemap-item elementor-sitemap-item-page page_item page-item-78\"><a href=\"https:\/\/deltaformationprevention.com\/index.php\/sst-sauveteur-secouriste-du-travail\/\">SST &#8211; Sauveteur Secouriste du Travail &#8211; Formation Initiale<\/a><\/li><li class=\"elementor-sitemap-item elementor-sitemap-item-page page_item page-item-268\"><a href=\"https:\/\/deltaformationprevention.com\/\">Delta Formation Pr\u00e9vention &#8211; Organisme de Formation &#8211;  SST MAC SST DUERP PRAP 2S Gestes et Postures CSE CSSCT<\/a><\/li><li class=\"elementor-sitemap-item elementor-sitemap-item-page page_item page-item-558\"><a href=\"https:\/\/deltaformationprevention.com\/index.php\/gep-geste-et-posture\/\">G&amp;P Gestes et Posture<\/a><\/li><li class=\"elementor-sitemap-item elementor-sitemap-item-page page_item page-item-626\"><a href=\"https:\/\/deltaformationprevention.com\/index.php\/document-unique-devaluation-des-risques-professionnels\/\">Document Unique d&rsquo;Evaluation des Risques Professionnels<\/a><\/li><li class=\"elementor-sitemap-item elementor-sitemap-item-page page_item page-item-647\"><a href=\"https:\/\/deltaformationprevention.com\/index.php\/maintien-et-actualisation-des-connaissances-sauveteur-secouriste-du-travail\/\">MAC SST<\/a><\/li><li class=\"elementor-sitemap-item elementor-sitemap-item-page page_item page-item-744\"><a href=\"https:\/\/deltaformationprevention.com\/index.php\/contact\/\">Contact<\/a><\/li><li class=\"elementor-sitemap-item elementor-sitemap-item-page page_item page-item-812\"><a href=\"https:\/\/deltaformationprevention.com\/index.php\/nos-valeurs\/\">Nos valeurs<\/a><\/li><li class=\"elementor-sitemap-item elementor-sitemap-item-page page_item page-item-1569\"><a href=\"https:\/\/deltaformationprevention.com\/index.php\/questionnaire-de-satisfaction\/\">Questionnaire de satisfaction<\/a><\/li><li class=\"elementor-sitemap-item elementor-sitemap-item-page page_item page-item-1789\"><a href=\"https:\/\/deltaformationprevention.com\/index.php\/e-learning-2\/\">E-Learning<\/a><\/li><li class=\"elementor-sitemap-item elementor-sitemap-item-page page_item page-item-1792\"><a href=\"https:\/\/deltaformationprevention.com\/index.php\/a-propos\/\">\u00c0 propos<\/a><\/li><li class=\"elementor-sitemap-item elementor-sitemap-item-page page_item page-item-1909\"><a href=\"https:\/\/deltaformationprevention.com\/index.php\/podcasts\/\">Podcasts<\/a><\/li><\/ul><\/div><\/div>\t\t\t\t<\/div>\n\t\t\t\t<\/div>\n\t\t\t\t\t<\/div>\n\t\t<\/div>\n\t\t\t\t\t<\/div>\n\t\t<\/section>\n\t\t\t\t<\/div>\n\t\t","protected":false},"excerpt":{"rendered":"","protected":false},"author":2,"featured_media":0,"parent":0,"menu_order":0,"comment_status":"closed","ping_status":"closed","template":"elementor_header_footer","meta":{"_eb_attr":"","footnotes":""},"class_list":["post-1453","page","type-page","status-publish","hentry"],"yoast_head":"<!-- This site is optimized with the Yoast SEO plugin v27.4 - https:\/\/yoast.com\/product\/yoast-seo-wordpress\/ -->\n<title>Site map - Delta Formation Pr\u00e9vention<\/title>\n<meta name=\"robots\" content=\"index, follow, max-snippet:-1, max-image-preview:large, max-video-preview:-1\" \/>\n<link rel=\"canonical\" href=\"https:\/\/deltaformationprevention.com\/index.php\/elementor-1453\/\" \/>\n<meta property=\"og:locale\" content=\"fr_FR\" \/>\n<meta property=\"og:type\" content=\"article\" \/>\n<meta property=\"og:title\" content=\"Site map - Delta Formation Pr\u00e9vention\" \/>\n<meta property=\"og:url\" content=\"https:\/\/deltaformationprevention.com\/index.php\/elementor-1453\/\" \/>\n<meta property=\"og:site_name\" content=\"Delta Formation Pr\u00e9vention\" \/>\n<meta property=\"article:modified_time\" content=\"2024-05-06T16:31:49+00:00\" \/>\n<meta name=\"twitter:card\" content=\"summary_large_image\" \/>\n<meta name=\"twitter:label1\" content=\"Dur\u00e9e de lecture estim\u00e9e\" \/>\n\t<meta name=\"twitter:data1\" content=\"1 minute\" \/>\n<script type=\"application\/ld+json\" class=\"yoast-schema-graph\">{\"@context\":\"https:\\\/\\\/schema.org\",\"@graph\":[{\"@type\":\"WebPage\",\"@id\":\"https:\\\/\\\/deltaformationprevention.com\\\/index.php\\\/elementor-1453\\\/\",\"url\":\"https:\\\/\\\/deltaformationprevention.com\\\/index.php\\\/elementor-1453\\\/\",\"name\":\"Site map - Delta Formation Pr\u00e9vention\",\"isPartOf\":{\"@id\":\"https:\\\/\\\/deltaformationprevention.com\\\/#website\"},\"datePublished\":\"2022-02-25T08:26:28+00:00\",\"dateModified\":\"2024-05-06T16:31:49+00:00\",\"breadcrumb\":{\"@id\":\"https:\\\/\\\/deltaformationprevention.com\\\/index.php\\\/elementor-1453\\\/#breadcrumb\"},\"inLanguage\":\"fr-FR\",\"potentialAction\":[{\"@type\":\"ReadAction\",\"target\":[\"https:\\\/\\\/deltaformationprevention.com\\\/index.php\\\/elementor-1453\\\/\"]}]},{\"@type\":\"BreadcrumbList\",\"@id\":\"https:\\\/\\\/deltaformationprevention.com\\\/index.php\\\/elementor-1453\\\/#breadcrumb\",\"itemListElement\":[{\"@type\":\"ListItem\",\"position\":1,\"name\":\"Accueil\",\"item\":\"https:\\\/\\\/deltaformationprevention.com\\\/\"},{\"@type\":\"ListItem\",\"position\":2,\"name\":\"Site map\"}]},{\"@type\":\"WebSite\",\"@id\":\"https:\\\/\\\/deltaformationprevention.com\\\/#website\",\"url\":\"https:\\\/\\\/deltaformationprevention.com\\\/\",\"name\":\"Delta Formation Pr\u00e9vention\",\"description\":\"Organisme de formation  certifi\u00e9 Qualiopi delta formation assure les formation SST, mac SST pour le secourisme,  les formations gestes et postures, et les formations au document unique\",\"publisher\":{\"@id\":\"https:\\\/\\\/deltaformationprevention.com\\\/#organization\"},\"potentialAction\":[{\"@type\":\"SearchAction\",\"target\":{\"@type\":\"EntryPoint\",\"urlTemplate\":\"https:\\\/\\\/deltaformationprevention.com\\\/?s={search_term_string}\"},\"query-input\":{\"@type\":\"PropertyValueSpecification\",\"valueRequired\":true,\"valueName\":\"search_term_string\"}}],\"inLanguage\":\"fr-FR\"},{\"@type\":\"Organization\",\"@id\":\"https:\\\/\\\/deltaformationprevention.com\\\/#organization\",\"name\":\"Delta Formation Pr\u00e9vention\",\"url\":\"https:\\\/\\\/deltaformationprevention.com\\\/\",\"logo\":{\"@type\":\"ImageObject\",\"inLanguage\":\"fr-FR\",\"@id\":\"https:\\\/\\\/deltaformationprevention.com\\\/#\\\/schema\\\/logo\\\/image\\\/\",\"url\":\"https:\\\/\\\/deltaformationprevention.com\\\/wp-content\\\/uploads\\\/2022\\\/01\\\/logo-bulle.png\",\"contentUrl\":\"https:\\\/\\\/deltaformationprevention.com\\\/wp-content\\\/uploads\\\/2022\\\/01\\\/logo-bulle.png\",\"width\":488,\"height\":365,\"caption\":\"Delta Formation Pr\u00e9vention\"},\"image\":{\"@id\":\"https:\\\/\\\/deltaformationprevention.com\\\/#\\\/schema\\\/logo\\\/image\\\/\"}}]}<\/script>\n<!-- \/ Yoast SEO plugin. -->","yoast_head_json":{"title":"Site map - Delta Formation Pr\u00e9vention","robots":{"index":"index","follow":"follow","max-snippet":"max-snippet:-1","max-image-preview":"max-image-preview:large","max-video-preview":"max-video-preview:-1"},"canonical":"https:\/\/deltaformationprevention.com\/index.php\/elementor-1453\/","og_locale":"fr_FR","og_type":"article","og_title":"Site map - Delta Formation Pr\u00e9vention","og_url":"https:\/\/deltaformationprevention.com\/index.php\/elementor-1453\/","og_site_name":"Delta Formation Pr\u00e9vention","article_modified_time":"2024-05-06T16:31:49+00:00","twitter_card":"summary_large_image","twitter_misc":{"Dur\u00e9e de lecture estim\u00e9e":"1 minute"},"schema":{"@context":"https:\/\/schema.org","@graph":[{"@type":"WebPage","@id":"https:\/\/deltaformationprevention.com\/index.php\/elementor-1453\/","url":"https:\/\/deltaformationprevention.com\/index.php\/elementor-1453\/","name":"Site map - Delta Formation Pr\u00e9vention","isPartOf":{"@id":"https:\/\/deltaformationprevention.com\/#website"},"datePublished":"2022-02-25T08:26:28+00:00","dateModified":"2024-05-06T16:31:49+00:00","breadcrumb":{"@id":"https:\/\/deltaformationprevention.com\/index.php\/elementor-1453\/#breadcrumb"},"inLanguage":"fr-FR","potentialAction":[{"@type":"ReadAction","target":["https:\/\/deltaformationprevention.com\/index.php\/elementor-1453\/"]}]},{"@type":"BreadcrumbList","@id":"https:\/\/deltaformationprevention.com\/index.php\/elementor-1453\/#breadcrumb","itemListElement":[{"@type":"ListItem","position":1,"name":"Accueil","item":"https:\/\/deltaformationprevention.com\/"},{"@type":"ListItem","position":2,"name":"Site map"}]},{"@type":"WebSite","@id":"https:\/\/deltaformationprevention.com\/#website","url":"https:\/\/deltaformationprevention.com\/","name":"Delta Formation Pr\u00e9vention","description":"Organisme de formation  certifi\u00e9 Qualiopi delta formation assure les formation SST, mac SST pour le secourisme,  les formations gestes et postures, et les formations au document unique","publisher":{"@id":"https:\/\/deltaformationprevention.com\/#organization"},"potentialAction":[{"@type":"SearchAction","target":{"@type":"EntryPoint","urlTemplate":"https:\/\/deltaformationprevention.com\/?s={search_term_string}"},"query-input":{"@type":"PropertyValueSpecification","valueRequired":true,"valueName":"search_term_string"}}],"inLanguage":"fr-FR"},{"@type":"Organization","@id":"https:\/\/deltaformationprevention.com\/#organization","name":"Delta Formation Pr\u00e9vention","url":"https:\/\/deltaformationprevention.com\/","logo":{"@type":"ImageObject","inLanguage":"fr-FR","@id":"https:\/\/deltaformationprevention.com\/#\/schema\/logo\/image\/","url":"https:\/\/deltaformationprevention.com\/wp-content\/uploads\/2022\/01\/logo-bulle.png","contentUrl":"https:\/\/deltaformationprevention.com\/wp-content\/uploads\/2022\/01\/logo-bulle.png","width":488,"height":365,"caption":"Delta Formation Pr\u00e9vention"},"image":{"@id":"https:\/\/deltaformationprevention.com\/#\/schema\/logo\/image\/"}}]}},"_links":{"self":[{"href":"https:\/\/deltaformationprevention.com\/index.php\/wp-json\/wp\/v2\/pages\/1453","targetHints":{"allow":["GET"]}}],"collection":[{"href":"https:\/\/deltaformationprevention.com\/index.php\/wp-json\/wp\/v2\/pages"}],"about":[{"href":"https:\/\/deltaformationprevention.com\/index.php\/wp-json\/wp\/v2\/types\/page"}],"author":[{"embeddable":true,"href":"https:\/\/deltaformationprevention.com\/index.php\/wp-json\/wp\/v2\/users\/2"}],"replies":[{"embeddable":true,"href":"https:\/\/deltaformationprevention.com\/index.php\/wp-json\/wp\/v2\/comments?post=1453"}],"version-history":[{"count":4,"href":"https:\/\/deltaformationprevention.com\/index.php\/wp-json\/wp\/v2\/pages\/1453\/revisions"}],"predecessor-version":[{"id":1866,"href":"https:\/\/deltaformationprevention.com\/index.php\/wp-json\/wp\/v2\/pages\/1453\/revisions\/1866"}],"wp:attachment":[{"href":"https:\/\/deltaformationprevention.com\/index.php\/wp-json\/wp\/v2\/media?parent=1453"}],"curies":[{"name":"wp","href":"https:\/\/api.w.org\/{rel}","templated":true}]}}